t m be -1 + 3 + -2 + 50. Let f be (-65)/20 - -3 - m/(-8). Calculate j(f).
4
Let k(v) = -2*v - 8. Let r = 453 - 447. Calculate k(r).
-20
Let a(x) be the second derivative of x**3/2 - 4*x**2 + 51*x + 4. Determine a(6).
10
Let g(p) = 2*p**2 - 2*p - 4. Let r be -1*4/5*(-445)/(-178). Determine g(r).
8
Let k(b) = -b**2 + 0*b**2 - b**3 + 972 - 982 + 8*b**2 + 3*b. Calculate k(7).
11
Let r(l) = l**3 - l**2 + 5. Let w = -27 - -31. Suppose -2*v = -v. Suppose v = -w*b, z + z = 5*b. Calculate r(z).
5
Let p(b) = 3*b - 11. Let z be p(5). Let y(n) = -n**2 + 8*n - 6. Let w(d) = -d**2 + 17*d - 13. Let t(s) = z*w(s) - 9*y(s). Give t(2).
14
Suppose v + c = 2, 6*c - 2*c = 0. Let k(a) = 25*a**3 - 16*a**3 + 2*a - 10*a**3 - 1 + a**2. What is k(v)?
-1
Suppose -206 = 16*o - 142. Let h(f) = -f**2 + 4*f + 4. Let d(n) = n**2 - 3*n - 4. Let t(w) = 7*d(w) + 6*h(w). What is t(o)?
0
Suppose y - 3*b = 1, 0 = -3*y + 3*b + 13 + 2. Let r = -13 + y. Let v be 4/r + 21/(-9). Let h(p) = -p**2 - 7*p - 2. Give h(v).
10
Let h(y) = -7*y**3 + 7*y - 9 + 10*y**3 + 2*y + 8*y**2 - 4*y**3. What is h(9)?
-9
Suppose 348 - 414 = 11*h. Let j(m) = -m + 16. Determine j(h).
22
Let i(t) be the second derivative of 19*t**3/6 - t**2/2 + 304*t. Calculate i(3).
56
Let q(j) = 4*j**2 + 9*j. Let z(b) = 3*b**2 + 8*b - 1. Let m(l) = -4*q(l) + 5*z(l). Let u be m(3). Let k(s) = s**2 - s - 1. Calculate k(u).
5
Let l(h) be the first derivative of h**3/3 + 11*h**2/2 + 7*h - 13. Determine l(-8).
-17
Let v(g) = g**3 + 3*g**2 + 4*g. Let r(f) = f**2 - 32*f + 133. Let i be r(5). Give v(i).
-4
Let v(y) = 13 - 3*y + 8 + 5*y - 20. What is v(3)?
7
Let o(d) = -5*d**3 - 4*d**2 + 6*d + 5. Let l(f) = 7*f**3 + 3*f**2 - 8*f - 4. Let m(t) = -2*l(t) - 3*o(t). Determine m(-6).
5
Let u(c) be the second derivative of c**4/12 + 5*c**3/3 + c**2 + 2*c. Let v be u(-10). Let p(w) = -5*w - w - v*w + 21*w. What is p(1)?
13
Suppose -3*v + z = -2*z - 33, 0 = -3*v + 2*z + 28. Let q(o) = o**2 + 6*o + 5. Let g(n) = 2*n**2 + 8*n + 8. Let h(k) = -3*g(k) + 5*q(k). What is h(v)?
1
Let r(q) be the first derivative of q**4/4 + q**3/3 - q**2 + 3*q + 108. Let m = -9 + 6. What is r(m)?
-9
Let b(v) be the third derivative of 3*v**2 + 0*v + 0 + 2/3*v**3 + 1/8*v**4. Let p(r) = -r - 7. Let j be p(-4). What is b(j)?
-5
Suppose 9*l = -4 + 22. Let y(m) = 306*m**l - 3 - 2 - 153*m**2 - 151*m**2 - 4*m. Let x = 8 - 4. Determine y(x).
11
Let d be 2 - (9 - ((-12)/(-3) - -1)). Let t(y) be the third derivative of -y**2 + 0*y - 1/6*y**3 + 1/60*y**5 + 0 + 0*y**4. Give t(d).
3
Suppose -r + 7 = s, 0 = 3*r - 2*s - 2 + 1. Suppose r*b = d + 2, -5*b + 2*d + 4 = -10*b. Suppose 3*f = -b*f. Let c(t) = -t**3 - t**2 - t + 7. What is c(f)?
7
Suppose -3*y - y = -3*z - 31, 3*z = y - 1. Let o be y*5/(10/1). Let r(a) = 5*a - 5. What is r(o)?
20
Suppose 0 = 3*q - 456 - 978. Let v(o) = 1 - 477*o + q*o + 4. Give v(-5).
0
Let v(d) = d + 3. Let r(s) = s**3 + s**2 + 2*s + 2. Let q be r(-2). Calculate v(q).
-3
Let v(i) = i**3 + i + 1. Let b = 820 + -822. What is v(b)?
-9
Let i(w) = -15*w**2 - 2*w - 1. Suppose 15 = -9*r - 3. Let m be r/9 + (-56)/72. Calculate i(m).
-14
Let s(v) be the first derivative of -2*v**3/3 - v**2/2 - v + 110. Determine s(2).
-11
Suppose 5 + 0 = -5*o. Let v be (-2)/o - (3 + -4). Let c(u) = -3*u**v - 3*u + 2*u**3 + 5*u - u**2 - 4 - 3*u. Give c(0).
-4
Let g(h) = 7*h + 3. Let k be g(-1). Let w(z) = -4*z - 3 + 0*z**3 + 6 + 1 + z**3 + 3*z**2. What is w(k)?
4
Let x(m) = 5*m**3 + 2*m**2 - 8*m + 5. Let u(o) = -o**3 - o**2 + o - 1. Let t(c) = -6*u(c) - x(c). Suppose 6*r + 18 = -0. Calculate t(r).
4
Let n(h) = h**3 - 8*h**2 - 4. Suppose 0 = 37*a - 56*a + 152. Determine n(a).
-4
Suppose -1 = -w + 2. Let f(z) = w + 5 - z**2 - 2 + 6*z - 2. Give f(5).
9
Let j(y) = 9*y. Suppose 0 = -f - c - 4*c + 5, 5*f = 5*c - 35. Let v = 4 + f. Calculate j(v).
-9
Let s(c) = 6*c**3 - 5*c**2 - 5. Let f(i) = -6*i**3 + 4*i**2 - i + 4. Let n(g) = 3*f(g) + 2*s(g). Determine n(1).
-5
Let p = -13261 - -13257. Let l(b) be the third derivative of b**5/40 + 5*b**4/24 - b**3/6 + b**2. Let c(n) be the first derivative of l(n). Give c(p).
-7
Suppose 0 = 3*p - 2*z - 7, 2*p = -p + 3*z + 9. Let b(g) be the second derivative of 1/4*g**4 + 2*g + 0*g**2 + 1/6*g**3 + 0. Calculate b(p).
4
Let r(i) = i**2 + 5*i - 15. Let b be r(-7). Let x(q) = -18*q**3 - q - 1. Determine x(b).
18
Let i(n) = 10*n**2 + 6 - 9*n**2 - 3 + 8*n**3 - 4*n. Let v(j) = j**3 + j**2 - j + 1. Let z(h) = -i(h) + 3*v(h). Let s(p) = p - 6. Let u be s(5). Give z(u).
6
Let g = 572 - 572. Let t(s) be the third derivative of g + 1/8*s**4 + 3*s**2 + s**3 + 0*s. Calculate t(-4).
-6
Suppose 0 = 4*h + 4*p + 124, -3*h - h - 116 = -4*p. Let b be (-32)/(-14) + h/105. Let r(d) = 0 - d + 1 + b. Give r(3).
0
Let r(o) = -o + 4. Let n be r(4). Let l(i) = -3*i + 0*i - 2*i**2 + n*i**2 + 2 + i**2. Let m(v) = -v. Let x be m(4). Give l(x).
-2
Suppose 22*u - 9*u - 13 = 0. Let z(w) = -2*w**3 - w. Give z(u).
-3
Let v(h) = 3*h**3 - 6*h**2 + 5*h - 1. Let u be v(2). Let m(f) = -2333 - f + 2333 + u*f**2. What is m(1)?
8
Let x(n) = 4*n**2 + 6*n + 8. Let k(j) = j**2 - 3*j**2 + 0*j**2 + j**2. Let t(g) = 5*k(g) + x(g). Let w(h) = -h - 5. Let s be w(-12). Determine t(s).
1
Suppose 22*b = 24*b. Let x(m) be the third derivative of 0 + b*m + 1/6*m**4 + 0*m**3 - 3*m**2. Give x(-2).
-8
Let c(x) = -x**2 + 1. Let g(h) = 3*h**2 - 6*h - 1. Let s(a) = 2*c(a) + g(a). Let b(m) = -m**2 + 6*m - 2. Let p(y) = 2*b(y) + 3*s(y). Determine p(5).
-6
Let r(t) be the second derivative of t**3/3 - 10*t**2 + 30*t + 2. Calculate r(-6).
-32
Let z(w) be the first derivative of -w**4/4 - 5*w**3/3 + 3*w**2 + 6*w + 14. Determine z(-6).
6
Let r(a) = a. Let g(u) = 9*u + 3. Let l(z) = -z - 1. Let n(k) = g(k) + 5*l(k). Let q(s) = 3*n(s) - 15*r(s). Determine q(-4).
6
Let q(c) = c**2 - 9*c + 12. Suppose 2*k - 4*t - 23 - 9 = 0, t - 12 = -2*k. Determine q(k).
4
Suppose 5*g - 19 = 4*r - 0*g, 5*r = 4*g - 26. Let y be r/(-9)*36/8. Let h be 4/(y/((-6)/(-4))). Let m(b) = -b**3 + b + 1. Give m(h).
-5
Let y(l) = -l**3 + 10*l**2 - 10*l + 7. Let o be (-45)/(-9) - -1*4. Determine y(o).
-2
Suppose 0 = 2*o + 4*r + 31 + 13, 0 = -4*o + r - 43. Let w(x) = x**2 + 11*x - 17. Calculate w(o).
-5
Let z(m) = 9*m - 36. Let p(a) = -6*a + 35. Let q(c) = -5*p(c) - 4*z(c). Calculate q(-6).
5
Let c(k) be the third derivative of k**4/12 - k**3/3 + 8*k**2. Give c(-5).
-12
Let k = -22 - -12. Let m be (k + -8)*(-2)/(-4). Let y(x) = 7*x**3 - 10*x**2 + x + 11. Let l(w) = 3*w**3 - 5*w**2 + 5. Let v(r) = m*l(r) + 4*y(r). What is v(-4)?
-1
Let p(t) be the second derivative of t**3/3 + 7*t**2 - 462*t. What is p(6)?
26
Let d(j) = -4*j**3 - 2*j**2 - 2*j + 2. Let i(m) = -4*m - 3 + m**2 + 2 + m**3 + 5*m. Let a(v) = -d(v) - 2*i(v). What is a(1)?
2
Let j(t) = 17 + t + 13 - 34. Suppose 11*i = 2*i. What is j(i)?
-4
Let t(q) be the third derivative of 0 - 3/8*q**4 + 1/60*q**5 + 3/2*q**3 + 0*q + q**2. Suppose -99*z + 128*z = 174. Give t(z).
-9
Let n(w) = w + 1. Let r(d) = 2*d**2 - 3*d - 4. Let s(x) = -4*n(x) - r(x). What is s(-1)?
-1
Let i(b) be the second derivative of -1/2*b**3 + 3/2*b**2 - 22*b + 0. Give i(-6).
21
Let c(b) = 13*b - 15*b + 2 - 1. Let m(f) = -f**3 + 4*f**2 + 7*f - 4. Let n be m(5). What is c(n)?
-11
Let n(i) = -i**3 + 6. Suppose -v + 2 = -0*g - 2*g, 4*v = g - 6. Let z be g/(-4) + 5/(-10). Give n(z).
6
Suppose 142 = 3*v + 6*f - f, -3*f = 3*v - 138. Let p = v - 46. Let g(o) = o**2 + 2*o + 3. Determine g(p).
3
Let g(d) = 3376*d**3 - d**2 - 4*d - 3375*d**3 + 1 + 0. Give g(3).
7
Let w(u) be the first derivative of u**3/6 + 5*u**2 - 10*u + 18. Let g(m) be the first derivative of w(m). What is g(-7)?
3
Let z = -49 + 47. Let h(b) = -b - 1. Let l(j) = 2*j**3 + 2*j**2 - 3*j - 2. Let o(a) = -4*h(a) + l(a). Calculate o(z).
-8
Let k(z) be the third derivative of z**9/6048 - z**8/10080 + z**7/5040 - 9*z**5/20 + 10*z**2. Let l(g) be the third derivative of k(g). Give l(1).
9
Let w(v) = -3*v + 2. Let z(j) = j**2 + 9*j - 6. Let g(x) = 8*w(x) + 3*z(x). Calculate g(1).
4
Let p(r) = -r**3 + 4*r**2 + 6*r + 1. Let j be (-76)/(-10) + (-12)/(-30). Let t(o) = o**2 - 10*o. Let u be t(j). Let f = u - -21. Determine p(f).
6
Let g(c) = c**2 + c. Let f(z) = 3*z**2 + 10*z - 5. Let m(w) = f(w) - 4*g(w). What is m(5)?
0
Let m(j) = -j**3 + 12*j**2 + j - 9. Let k be m(12). Let t(x) = 